ist the prime factors of 45544.
2, 5693
List the prime factors of 25464.
2, 3, 1061
List the prime factors of 5291.
11, 13, 37
What are the prime factors of 4171?
43, 97
List the prime factors of 512.
2
List the prime factors of 1982.
2, 991
What are the prime factors of 38818?
2, 13, 1493
List the prime factors of 1897.
7, 271
What are the prime factors of 349?
349
List the prime factors of 845.
5, 13
What are the prime factors of 18564?
2, 3, 7, 13, 17
List the prime factors of 15466.
2, 11, 19, 37
What are the prime factors of 31258?
2, 15629
List the prime factors of 3557.
3557
What are the prime factors of 29354?
2, 13, 1129
What are the prime factors of 7130?
2, 5, 23, 31
List the prime factors of 3224.
2, 13, 31
What are the prime factors of 549?
3, 61
List the prime factors of 1883.
7, 269
What are the prime factors of 682?
2, 11, 31
What are the prime factors of 4646?
2, 23, 101
What are the prime factors of 125902?
2, 7, 17, 23
List the prime factors of 5603.
13, 431
What are the prime factors of 54011?
54011
What are the prime factors of 140813?
140813
What are the prime factors of 592?
2, 37
What are the prime factors of 1476?
2, 3, 41
List the prime factors of 4749.
3, 1583
List the prime factors of 1120.
2, 5, 7
What are the prime factors of 41745?
3, 5, 11, 23
List the prime factors of 3717.
3, 7, 59
What are the prime factors of 13901?
13901
List the prime factors of 11955.
3, 5, 797
What are the prime factors of 29849?
19, 1571
List the prime factors of 9840.
2, 3, 5, 41
What are the prime factors of 19585?
5, 3917
What are the prime factors of 873?
3, 97
What are the prime factors of 74906?
2, 13, 43, 67
What are the prime factors of 138192?
2, 3, 2879
List the prime factors of 2917.
2917
List the prime factors of 1491.
3, 7, 71
What are the prime factors of 3286?
2, 31, 53
What are the prime factors of 15578?
2, 7789
List the prime factors of 1264.
2, 79
List the prime factors of 107.
107
What are the prime factors of 4550?
2, 5, 7, 13
What are the prime factors of 7730?
2, 5, 773
What are the prime factors of 84?
2, 3, 7
What are the prime factors of 2720?
2, 5, 17
List the prime factors of 246.
2, 3, 41
What are the prime factors of 1316?
2, 7, 47
List the prime factors of 956.
2, 239
What are the prime factors of 1183?
7, 13
List the prime factors of 1758.
2, 3, 293
What are the prime factors of 1002?
2, 3, 167
List the prime factors of 848.
2, 53
What are the prime factors of 95447?
11, 8677
List the prime factors of 119.
7, 17
What are the prime factors of 35751?
3, 17, 701
List the prime factors of 211.
211
List the prime factors of 4131.
3, 17
What are the prime factors of 2580?
2, 3, 5, 43
What are the prime factors of 3029?
13, 233
What are the prime factors of 1321?
1321
What are the prime factors of 30884?
2, 7, 1103
What are the prime factors of 189?
3, 7
List the prime factors of 594.
2, 3, 11
List the prime factors of 2121.
3, 7, 101
What are the prime factors of 211?
211
What are the prime factors of 847?
7, 11
List the prime factors of 1181.
1181
What are the prime factors of 175398?
2, 3, 23, 31, 41
List the prime factors of 1829.
31, 59
List the prime factors of 67518.
2, 3, 11, 31
What are the prime factors of 522?
2, 3, 29
List the prime factors of 21.
3, 7
What are the prime factors of 37952?
2, 593
List the prime factors of 9479.
9479
What are the prime factors of 119561?
13, 17, 541
What are the prime factors of 1661?
11, 151
What are the prime factors of 759?
3, 11, 23
List the prime factors of 6378.
2, 3, 1063
List the prime factors of 801.
3, 89
What are the prime factors of 24380?
2, 5, 23, 53
What are the prime factors of 763?
7, 109
List the prime factors of 683.
683
List the prime factors of 101534.
2, 50767
What are the prime factors of 790?
2, 5, 79
What are the prime factors of 314?
2, 157
List the prime factors of 35631.
3, 37, 107
What are the prime factors of 31636?
2, 11, 719
List the prime factors of 29781.
3, 1103
What are the prime factors of 17673?
3, 43, 137
List the prime factors of 2278.
2, 17, 67
List the prime factors of 3701.
3701
List the prime factors of 1378.
2, 13, 53
List the prime factors of 725.
5, 29
What are the prime factors of 77982?
2, 3, 41, 317
What are the prime factors of 14544?
2, 3, 101
What are the prime factors of 996?
2, 3, 83
What are the prime factors of 67048?
2, 17, 29
What are the prime factors of 12265?
5, 11, 223
List the prime factors of 1262.
2, 631
List the prime factors of 12198.
2, 3, 19, 107
What are the prime factors of 6274?
2, 3137
List the prime factors of 87228.
2, 3, 2423
What are the prime factors of 87832?
2, 10979
List the prime factors of 2852.
2, 23, 31
List the prime factors of 29406.
2, 3, 13, 29
List the prime factors of 3958.
2, 1979
List the prime factors of 29140.
2, 5, 31, 47
What are the prime factors of 4197?
3, 1399
List the prime factors of 845.
5, 13
What are the prime factors of 16703?
16703
What are the prime factors of 63799?
63799
List the prime factors of 6102.
2, 3, 113
List the prime factors of 3707.
11, 337
List the prime factors of 1665.
3, 5, 37
What are the prime factors of 2090?
2, 5, 11, 19
What are the prime factors of 14537?
14537
What are the prime factors of 2031?
3, 677
List the prime factors of 27548.
2, 71, 97
List the prime factors of 7271.
11, 661
List the prime factors of 1310.
2, 5, 131
List the prime factors of 5050.
2, 5, 101
List the prime factors of 653.
653
List the prime factors of 10467.
3, 1163
What are the prime factors of 127325?
5, 11, 463
What are the prime factors of 1913?
1913
List the prime factors of 75.
3, 5
What are the prime factors of 8108?
2, 2027
What are the prime factors of 9552?
2, 3, 199
List the prime factors of 16468.
2, 23, 179
What are the prime factors of 4347?
3, 7, 23
List the prime factors of 20607.
3, 6869
List the prime factors of 17607.
3, 5869
List the prime factors of 7808.
2, 61
What are the prime factors of 1505?
5, 7, 43
What are the prime factors of 2514?
2, 3, 419
List the prime factors of 13989.
3, 4663
List the prime factors of 2376.
2, 3, 11
What are the prime factors of 5172?
2, 3, 431
List the prime factors of 11070.
2, 3, 5, 41
List the prime factors of 5179.
5179
What are the prime factors of 664?
2, 83
What are the prime factors of 1384?
2, 173
What are the prime factors of 4928?
2, 7, 11
List the prime factors of 868.
2, 7, 31
What are the prime factors of 17169?
3, 59, 97
List the prime factors of 20371.
13, 1567
What are the prime factors of 32599?
7, 4657
What are the prime factors of 27656?
2, 3457
List the prime factors of 1092.
2, 3, 7, 13
List the prime factors of 6299.
6299
List the prime factors of 400.
2, 5
What are the prime factors of 8974?
2, 7, 641
List the prime factors of 60538.
2, 30269
List the prime factors of 405.
3, 5
What are the prime factors of 1492?
2, 373
What are the prime factors of 3506?
2, 1753
List the prime factors of 89.
89
List the prime factors of 12461.
17, 733
What are the prime factors of 1610?
2, 5, 7, 23
What are the prime factors of 22864?
2, 1429
List the prime factors of 116465.
5, 23293
List the prime factors of 405.
3, 5
What are the prime factors of 2238?
2, 3, 373
What are the prime factors of 10490?
2, 5, 1049
List the prime factors of 19595.
5, 3919
List the prime factors of 574.
2, 7, 41
What are the prime factors of 3906?
2, 3, 7, 31
What are the prime factors of 1603?
7, 229
What are the prime factors of 1479?
3, 17, 29
List the prime factors of 720.
2, 3, 5
List the prime factors of 1479.
3, 17, 29
List the prime factors of 549.
3, 61
What are the prime factors of 592?
2, 37
What are the prime factors of 237?
3, 79
What are the prime factors of 67433?
67433
What are the prime factors of 6825?
3, 5, 7, 13
List the prime factors of 42966.
2, 3, 7, 11, 31
What are the prime factors of 117?
3, 13
What are the prime factors of 2276?
2, 569
What are the prime factors of 6604?
2, 13, 127
What are the prime factors of 147?
3, 7
What are the prime factors of 11844?
2, 3, 7, 47
What are the prime factors of 1178?
2, 19, 31
What are the prime factors of 29351?
7, 599
List the prime factors of 29776.
2, 1861
List the prime factors of 2158.
2, 13, 83
List the prime factors of 9711.
3, 13, 83
List the pr